ive of -8*v - 5/2*v**2 - 6. What is the tens digit of c(-7)?
2
Suppose -5*h + 7150 = -u, -h - 222*u + 1456 = -217*u. What is the hundreds digit of h?
4
Suppose 5*m + 70 = -2*m. Let b be -1*10/(m/(-5)). Let o(c) = -c**2 - 16*c + 7. What is the tens digit of o(b)?
6
Let g(f) be the first derivative of -f**5/40 - 2*f**3/3 + 2. Let x(s) be the third derivative of g(s). What is the tens digit of x(-8)?
2
Let u = -144 - -259. What is the tens digit of u?
1
Let c = 171 - -84. What is the tens digit of c?
5
Suppose -4*c + 232 = -60. Let j = 104 - c. Suppose j - 11 = b. What is the tens digit of b?
2
Let z be (-15)/45 - (-170)/6. What is the units digit of (-2 - -1 - -1) + z?
8
Let c(j) = j - 7. Let q be c(7). Suppose q = -k + 11 - 23. What is the tens digit of (209/22)/((-2)/k)?
5
Let v be -1 - 2 - 6/(-36)*-6. What is the hundreds digit of v/((48/128)/(42/(-4)))?
1
Let o be 4/(-10) - (-1 - (-51)/(-15)). Suppose -5*v - 5*d + 9 = -31, -5*d - 41 = -o*v. What is the units digit of v?
9
Suppose -26*h + 2687 + 173 = 0. What is the hundreds digit of h?
1
Let d be (-590)/3 - 12/(-18). Let o = -112 - d. What is the units digit of o/15 + (-2)/(-5)?
6
Let b(o) = -o**2 + 9*o - 1. Let q be b(7). Let u = 96 + q. What is the units digit of u?
9
Suppose 0 = -3*j - 1570 + 3967. What is the hundreds digit of j?
7
Let s(w) = w**2 - w + 12. What is the tens digit of s(-24)?
1
What is the units digit of ((-56)/(-35))/((-4)/(-10))*39?
6
Let i(y) be the second derivative of y**5/20 - 3*y**4/4 + y**3/6 + 7*y**2/2 + 9*y. What is the units digit of i(9)?
6
Let d(a) = -14*a + 27. Suppose r + 40 = -4*p - 2*r, 0 = -3*p + 4*r - 5. What is the units digit of d(p)?
5
Suppose 3*p + 334 - 4437 = -2*u, u - 6843 = -5*p. What is the units digit of p?
9
Let s = 8 - 13. Let o be (28/s)/((-2)/5). Suppose 5*x - 184 = -o. What is the units digit of x?
4
Let p(t) = 320*t + 2. What is the tens digit of p(4)?
8
Let n(h) = -8*h**3 + h**2 + h. Let g be n(-1). Suppose 0 = q + 5 - g. Suppose -4*a + q*d = -2*a - 26, 13 = a - 5*d. What is the tens digit of a?
1
Let l(i) = i - 4. Let p be l(7). Let o(s) = 5*s - 4. Let n(c) = -4*c + 3. Let f(u) = -3*n(u) - 2*o(u). What is the units digit of f(p)?
5
What is the hundreds digit of (196/21 - 6)/((-2)/(-396))?
6
Let r = 345 + -29. What is the hundreds digit of r?
3
Suppose 26*c = -2*c + 11900. What is the units digit of c?
5
Let g be (20/(-12))/(2/(-6)). Suppose -2*k = -3*p - 37, g*k + 2*p - 55 = -3*p. What is the units digit of k?
4
Let d = -279 - -834. Let c = -354 + d. What is the units digit of c?
1
What is the hundreds digit of 6/(-15) + (-67670)/(-50)?
3
Let m(s) be the first derivative of -s**3/3 + 4*s**2 - 4*s - 8. Let q be m(7). Let l = q + 5. What is the units digit of l?
8
Let v(y) = 241*y + 77. What is the thousands digit of v(6)?
1
Let j = 3 - 1. Suppose -j*u + 4*i - 5 - 1 = 0, 5*u = -i + 29. Suppose 0 = 2*s - 3 - u, 4*s + 74 = 5*h. What is the tens digit of h?
1
Let w = 723 + -428. What is the tens digit of w?
9
Let z(h) be the third derivative of h**6/120 + 2*h**5/15 + h**4/4 + 17*h**2. Let x(m) = 6*m + 1. Let n be x(-1). What is the tens digit of z(n)?
4
Let a(c) = 121*c - 226. What is the tens digit of a(7)?
2
Let h = 166 - 66. What is the hundreds digit of h?
1
Let h(a) = 29*a - 10. Let v be h(-7). Let b = v + 362. Suppose -6*w + b = -145. What is the tens digit of w?
4
Let c = -12 - -14. Suppose -3*l + 0*d = -c*d - 362, d - 246 = -2*l. Suppose 4*u - l = 2*k, -125 = -3*u - 3*k - 38. What is the tens digit of u?
3
Suppose 2*b = -10, v + 25 = -5*b - 0. Suppose v = -s - 2 + 6. Suppose 3*p + 1 = s*p. What is the units digit of p?
1
Let p = -174 + 312. What is the units digit of (2 + -7)*(p/(-15) - 2)?
6
Let w = -988 - -1747. Suppose -5*u + w = 229. What is the units digit of u?
6
Let l = 117 + -100. Suppose 14 = -2*c + i, 2*c - 5*i = -8 - 14. Let o = l + c. What is the tens digit of o?
1
Let g be -2*(-1 - 0) - (-16)/16. Suppose g*x + 55 = 202. What is the tens digit of x?
4
Suppose x - 7746 = -4*k - 1531, -k = 3*x - 1562. What is the hundreds digit of k?
5
Let m(h) = 1 + 6*h + 14 - h. Suppose 2*k = -u - 5 + 16, 5*u = 3*k - 36. What is the tens digit of m(k)?
5
Suppose -120396 - 151967 = -91*q. What is the tens digit of q?
9
Let y = -45 + 39. What is the tens digit of y*52/6*(-9)/6?
7
Let a(m) = m**3 + 7*m**2 - 20*m - 35. What is the hundreds digit of a(-7)?
1
Suppose -9740 = 6*o - 33380. What is the tens digit of o?
4
Let f(c) = 3*c**2 - 23*c + 4. What is the units digit of f(-8)?
0
What is the units digit of 16/(-10)*((-54565)/(-4))/(-7)?
8
Suppose 2718 + 2211 = 31*s. What is the units digit of s?
9
Suppose 0*m = -m + 1. Suppose 3*n + g - m = 12, -g = -n - 1. Suppose n*y + 2*y - 15 = 0. What is the units digit of y?
3
Let n(q) = 2*q**2 + 5*q + 8. Let a be n(12). Suppose -4*d + a = 88. What is the units digit of d?
7
Let h(u) = 5*u - 2. Let v be h(3). Let x = v + 8. What is the units digit of x?
1
Suppose 3*f = -4*u + 15 + 16, 25 = 3*u + 4*f. Let l(y) = -y - 11. Let d be l(u). Let h = 12 - d. What is the units digit of h?
0
Suppose -4*s - 4*t = -0*t, 0 = 2*s - t. Suppose -58*u + 62*u - 420 = s. What is the hundreds digit of u?
1
Let i(f) = 6*f - 11. Let u(d) = 6*d - 12. Let t(n) = 4*i(n) - 3*u(n). Let l be t(8). Suppose w = -3*w + l. What is the units digit of w?
0
Suppose 164*g + 940 = 168*g. What is the hundreds digit of g?
2
Let n(t) = -t**3 + 21*t**2 + 22*t - 2. Let o be n(22). What is the tens digit of (o - 1)*14/(-3)?
1
Let d = -751 + 1414. What is the hundreds digit of d?
6
Suppose -2*q + 3*b + 42 = 0, -q + 5*b = -4 - 31. Suppose -3*p - q = -4*l, -5*l + 5*p = -27 + 7. What is the units digit of l?
3
Suppose 0 = 5*i - 2*i - 135. Let k = 79 - i. Suppose 4*b = -3*d + 68, k = 2*b + 3*d - 2*d. What is the tens digit of b?
1
Suppose -4*y + 418 = 58. Let f = y - 62. What is the tens digit of f?
2
Suppose 123 = 5*p + u, -5*p = -6*u + 2*u - 108. Suppose -5*l = 5*j - 3 - 37, l = -3*j + p. Suppose -13*k + 175 = -j*k. What is the units digit of k?
5
Suppose 5*t = 4*c + 744 - 140, -241 = -2*t + c. Let m = -306 + t. What is the units digit of 2/8 - m/24?
8
Let q(j) = 7*j - 5. Let s be q(-8). Let z = s + 109. What is the tens digit of z?
4
Suppose 68*b = 65*b + 5631. What is the thousands digit of b?
1
Suppose -5*i = -10*i. Suppose 33*z - 35*z - 6 = i. What is the tens digit of -1 + (-4 - z) - -33?
3
Let b = 1864 + -919. What is the tens digit of b?
4
Let r = 59 + -87. What is the tens digit of 3/(-3) + 5 - r?
3
Let k be 3 + 1 + 4 - 0. Suppose q + k = -3*q. What is the tens digit of (-8)/(-4 - q) - -38?
4
Suppose 0 = 2*r - 46. Let q = r - -18. Suppose -2*w + q + 3 = 0. What is the units digit of w?
2
Suppose 80*q + 21960 = 88*q. What is the units digit of q?
5
Let a(p) = 11*p + 2. Let k(x) = 494*x + 91. Let v(g) = 273*a(g) - 6*k(g). What is the tens digit of v(2)?
7
Let a = 4657 + 1506. What is the tens digit of a?
6
Let r = -33 + -26. Let i be (8/6 - 2)*-165. Let k = r + i. What is the units digit of k?
1
Suppose 7*z - 2*z = -5*m + 50, 18 = 2*m + z. Let k = -273 - -270. What is the tens digit of ((-24)/m)/(k/36)?
3
Let f(w) = -3*w**2 - 8*w + 21. Let n be f(-8). Let l = n + 338. What is the units digit of l?
1
Let c be (3/(-4))/(15/(-40)). Suppose 0 = y + 4*o - 12, -3*y - 7 = -c*o - 1. Suppose s - 3*s + 22 = y. What is the units digit of s?
1
Suppose -5*j + 21 = 3*b - 20, -31 = -5*j + 2*b. Suppose -g = -3*q + 9, 5*q - j = 3*g + q. Let x(w) = w**3 + w**2 - 3*w + 4. What is the units digit of x(g)?
1
Let r(u) = 2*u + 11 - u - 3*u. Let n be r(-11). What is the units digit of (-2)/(n/39 + -1)?
3
What is the units digit of 3/(-4) + ((-107317)/(-28) - 3)?
9
Suppose 65 = -6*p + p. Let f(i) = -i**2 - i + 18. Let b be f(0). Let u = p + b. What is the units digit of u?
5
Let h(r) = -r + 6. Let x be h(3). Let k = 42 - 36. Suppose -x*m + 5*z + 54 = 0, k*z + 9 = 3*z. What is the tens digit of m?
1
Let p(g) = 2*g**2 - 2*g - 4. Let o be p(3). Suppose -o*h - h = -126. What is the units digit of h?
4
Let x(c) = -c + 1. Let q be x(-3). Suppose g = -g + 8, q*k - 36 = -4*g. Suppose -3*t + 3*b = -5*t + 40, 4*t - k*b = 102. What is the tens digit of t?
2
Let j = -1669 + 2435. What is the units digit of j?
6
Let x(c) = -38*c - 2 - 32*c - 20*c + 7. What is the hundreds d